In base 15, what is 12182 - 4?
1217d
In base 15, what is 76 + -3b476?
-3b400
In base 8, what is -612762 + -40?
-613022
In base 7, what is 536 - 66413?
-65544
In base 11, what is -161790a25 - -2?
-161790a23
In base 9, what is -20214275 + -1?
-20214276
In base 6, what is -330452 - 513?
-331405
In base 14, what is 30 + -15b35?
-15b05
In base 15, what is b0b - 281?
87a
In base 15, what is 5d71c - 56?
5d6b6
In base 16, what is -4 + 44453b?
444537
In base 16, what is -d05 + -13c8f?
-14994
In base 11, what is -93245 - -41?
-93204
In base 7, what is 1435565 - -1415?
1440313
In base 3, what is -112121101 + 2012101022?
1122202221
In base 14, what is 16d134 + 0?
16d134
In base 7, what is 10545 + -4454?
3061
In base 5, what is -43013000 - 10421?
-43023421
In base 5, what is 22133033 + -333?
22132200
In base 3, what is -11 + -10122022112220?
-10122022120001
In base 13, what is 321 + -1892b?
-1860a
In base 11, what is 6 + 18234627?
18234632
In base 5, what is -401 - -11203023?
11202122
In base 8, what is -23 + -2642306?
-2642331
In base 6, what is 4 - -50001013?
50001021
In base 9, what is 377417107 + -2?
377417105
In base 9, what is -7 - 2308052?
-2308060
In base 14, what is 9 - -71d390?
71d399
In base 11, what is -614516 + 5?
-614511
In base 13, what is -2 + -19966a3?
-19966a5
In base 4, what is 21 - -3001203033303?
3001203033330
In base 2, what is 1001 - -100010110000011100001010?
100010110000011100010011
In base 5, what is -33 + -31220?
-31303
In base 3, what is 0 - 112121121120212?
-112121121120212
In base 15, what is -acbc8b0 + 3?
-acbc8ac
In base 7, what is -204 + -2423553?
-2424060
In base 2, what is 101111100 - -101111110111101?
110000100111001
In base 11, what is 3796 + -259?
3538
In base 10, what is 34 - 3324427?
-3324393
In base 2, what is 1 - -10000110111001111011010?
10000110111001111011011
In base 12, what is 10 + -45a922?
-45a912
In base 2, what is -11010111001100111011 - -100?
-11010111001100110111
In base 9, what is -143 + 57371?
57227
In base 10, what is 828675 + 13?
828688
In base 2, what is 1010101000100001101110 + 11001?
1010101000100010000111
In base 3, what is 0 - -101211222?
101211222
In base 13, what is -43 + -73643?
-73686
In base 15, what is a - -c9374?
c937e
In base 13, what is -146088 - 5?
-146090
In base 2, what is -100011011111000 + 1010001111001?
-11001001111111
In base 14, what is 6313a - -21b?
63357
In base 9, what is -32544 - -18286?
-13247
In base 7, what is -304 - 6262042?
-6262346
In base 4, what is 223202031321 - -10?
223202031331
In base 6, what is 23413522 - -12?
23413534
In base 16, what is 16 - -1a6d2?
1a6e8
In base 12, what is 7b64 - 415?
774b
In base 9, what is 4 + 153670253?
153670257
In base 13, what is 21b41 + 2555?
24396
In base 2, what is 11011001111000100110100000 - 10?
11011001111000100110011110
In base 7, what is 4 - -61554446?
61554453
In base 15, what is 3949 - 115c?
27dc
In base 15, what is -a - -635136?
63512b
In base 11, what is 59476 + -144?
59332
In base 8, what is -423 + 3335001?
3334356
In base 6, what is -150541 + -1450115?
-2041100
In base 8, what is 2454 - 45317?
-42643
In base 8, what is 133 + 252765?
253120
In base 16, what is 997 - 5af?
3e8
In base 9, what is 21876237 - -16?
21876254
In base 14, what is 59d1 + 274?
5c65
In base 5, what is 4040 + -103?
3432
In base 14, what is -15dd2 + 6?
-15dca
In base 7, what is 1021 + -153512?
-152461
In base 2, what is 1100000 - 11101100000010101111?
-11101100000001001111
In base 11, what is -2 + 4829468?
4829466
In base 15, what is -1739 + 16ba?
-6e
In base 10, what is 641103 - 30?
641073
In base 13, what is 114 - 61a?
-506
In base 12, what is -125b679 + 5?
-125b674
In base 6, what is -21 - -10355551?
10355530
In base 14, what is -19 - -c19a?
c181
In base 13, what is -312b5a98 - 3?
-312b5a9b
In base 13, what is -249261a2 - 4?
-249261a6
In base 7, what is 536020 + -411?
535306
In base 11, what is 34579143 - 8?
34579136
In base 11, what is aa14078 - 4?
aa14074
In base 16, what is a0 + -25265?
-251c5
In base 13, what is 592ba + -62?
59258
In base 8, what is 12262 - -31504?
43766
In base 6, what is -1245430 + -1155?
-1251025
In base 2, what is -100110000010000100100 - 1110101?
-100110000010010011001
In base 2, what is 1001110011110011 + -101011?
1001110011001000
In base 4, what is -20312032333 - -20?
-20312032313
In base 12, what is 757988 + -11?
757977
In base 2, what is 1111011 + 11010100000101101100000?
11010100000101111011011
In base 4, what is -132112221002331 - -10?
-132112221002321
In base 3, what is -222200022 + 20202202?
-201220120
In base 16, what is -866f + -2?
-8671
In base 15, what is -4a8 + -89cb?
-8e84
In base 13, what is -9209 - -1489?
-7a50
In base 9, what is -8612101 + -18?
-8612120
In base 4, what is -2 - -3110022201213?
3110022201211
In base 2, what is 111 + -1010100111101001?
-1010100111100010
In base 4, what is 13011303 + 2102222?
21120131
In base 12, what is -3 + 10a5287?
10a5284
In base 7, what is 2 + 1420410355?
1420410360
In base 9, what is 143225131 - 0?
143225131
In base 5, what is 1140 + 112430413?
112432103
In base 16, what is 1d + 7c9a75?
7c9a92
In base 5, what is 220 + -3112114331?
-3112114111
In base 15, what is -32ae8 + -7?
-32b00
In base 4, what is -1111331133203 - -2?
-1111331133201
In base 4, what is 1213322 + -132132?
1021130
In base 9, what is 427786538 - 3?
427786535
In base 16, what is -21c7b3 - -55?
-21c75e
In base 10, what is 8 - -13079273?
13079281
In base 16, what is 1c2a - e9?
1b41
In base 2, what is 11111101000001000001 - -10000?
11111101000001010001
In base 11, what is 2183810 + -7?
2183804
In base 6, what is 23 - -2345002?
2345025
In base 12, what is -6612a - -5a?
-66090
In base 15, what is 56c - -8a871?
8addd
In base 10, what is -45 + 148816?
148771
In base 4, what is 202 - 200012130?
-200011322
In base 11, what is -12 + -745323?
-745335
In base 15, what is -e1e3cb - 6?
-e1e3d2
In base 14, what is -62 - 259dc?
-25a60
In base 3, what is 11 - -102002021000?
102002021011
In base 6, what is -5 + 11124050?
11124041
In base 2, what is 11001000 - -11111010111010000010?
11111010111101001010
In base 3, what is -10011222102110 - -11?
-10011222102022
In base 11, what is -4 + 135a183?
135a17a
In base 10, what is -417590 + 406?
-417184
In base 11, what is -19765061 - -2?
-1976505a
In base 7, what is -3152624354 + -4?
-3152624361
In base 5, what is -102 - 10204313?
-10204420
In base 7, what is -21661 - 3155?
-25146
In base 16, what is -7e2 + -15e48?
-1662a
In base 6, what is -21511 - -154155?
132244
In base 5, what is 3212101 - -3244?
3220400
In base 5, what is 4213423 - -3002?
4221430
In base 8, what is -325 - 665573?
-666120
In base 14, what is 89 - -213bc9?
213c74
In base 4, what is -233122211 + 311?
-233121300
In base 7, what is 242445 + 453?
243231
In base 6, what is 4 - 1024305401?
-1024305353
In base 6, what is -1433 + 11042400?
11040523
In base 10, what is 2542930 + -36?
2542894
In base 12, what is 2263b299 - -2?
2263b29b
In base 16, what is 5e1 + 73f?
d20
In base 14, what is 4 - -4d99c?
4d9a2
In base 12, what is 736ba0a + -4?
736ba06
In base 4, what is 120110202021 + 111?
120110202132
In base 5, what is -142340402 + -121?
-142341023
In base 2, what is -1000011010101110111010 + -10111000?
-1000011010110001110010
In base 10, what is -2578733734 - -1?
-2578733733
In base 14, what is -3d26 + -1159?
-5081
In base 14, what is -2 - -279a699?
279a697
In base 16, what is 193ee3 + 1f1?
1940d4
In base 4, what is -2021 + 11133220202?
11133212121
In base 2, what is -10000 + 1000111011110101110?
1000111011110011110
In base 8, what is 140131 + -1031?
137100
In base 5, what is -1101034403 + -201?
-1101040104
In base 6, what is -22412130 + -2?
-22412132
In base 3, what is 112120 - -22000211220?
22001101110
In base 11, what is -62964 + 328?
-62637
In base 2, what is -10 - 1001001011100001011111?
-1001001011100001100001
In base 2, what is 1011010000100 + -111101100100101?
-110010010100001
In base 11, what is -1850 + -18384?
-1a124
In base 4, what is 220 - -13131132021?
13131132301
In base 13, what is 2aa33 - 76?
2a98a
In base 10, what is -17443590 + 7?
-17443583
In base 6, what is 3155 - 10542233?
-10535034
In base 3, what is -1010201110020200 + 102?
-1010201110020021
In base 13, what is bc - 1962?
-1873
In base 7, what is 14